) = -2*r**2 - 5*r - 5. What is c(-1)?
-2
Let w(q) = -21*q**2 - q - 1. What is w(-1)?
-21
Let x(v) = v**3 - 21*v**2 - 47*v + 27. Give x(23).
4
Let x(h) = -h**3 + 9*h**2 + 15*h - 7. What is x(11)?
-84
Let r(j) = j**2 + 28*j + 155. Calculate r(-8).
-5
Let w(q) = -q - 4. Calculate w(2).
-6
Let h(l) = -17*l + 2. What is h(-1)?
19
Let j(l) = l + 5. Calculate j(-10).
-5
Let y(s) = -s**2 - 38*s - 134. Give y(-34).
2
Let t(q) = -q**3 + 22*q**2 + 2*q - 58. Give t(22).
-14
Let t(i) = 10*i + 40. Give t(-3).
10
Let j(s) = 2*s**2 + 4*s - 12. Give j(-4).
4
Let i(q) = -q**3 + 2*q**2 + 12*q. Calculate i(-3).
9
Let d(y) = -2*y**2 + 10*y + 3. Calculate d(5).
3
Let z(k) = 4*k**3 + 29*k**2 + 10*k + 8. Give z(-7).
-13
Let d(k) = 4*k - 8. Give d(19).
68
Let z(t) = 36*t + 263. What is z(-7)?
11
Let q(f) = -3*f - 2. Give q(-1).
1
Let i(g) = 2*g + 10. Calculate i(-3).
4
Let l(n) = -27*n - 217. Determine l(-8).
-1
Let d(y) = -9*y**2 + 3*y - 1. Calculate d(3).
-73
Let a(i) = -24*i**2 - i + 5. Determine a(-3).
-208
Let p(h) = h**2 - h - 2. Calculate p(-3).
10
Let d(q) = -q**2 + 6*q + 5. Determine d(8).
-11
Let y(u) = u**3 - 4*u**2 + 3. Calculate y(4).
3
Let k(o) = -2*o**2 - 11*o - 2. Determine k(-5).
3
Let c(n) = 25*n + 7. Give c(-2).
-43
Let f(h) = 16*h + 570. Determine f(-36).
-6
Let q(f) = 2*f. Give q(6).
12
Let q(z) = 2*z**2 - 20*z + 43. Calculate q(6).
-5
Let v(w) = -6*w + 40. Determine v(2).
28
Let n(w) = -w**2 + 23*w + 48. Calculate n(26).
-30
Let u(y) = y + 10. Determine u(-15).
-5
Let k(d) = d**2 + 2*d - 1. Calculate k(3).
14
Let b(v) = -2*v**3 - 13*v**2 + 16*v + 50. Determine b(-7).
-13
Let f(m) = -m**3 + 3*m**2 + 5*m + 5. Determine f(4).
9
Let r(v) = -6*v**3 + 2*v**2 + 14*v - 16. Give r(2).
-28
Let k(f) = f**3 - 8*f**2 - 42. Calculate k(7).
-91
Let f(x) = x**2 - 14*x - 177. What is f(22)?
-1
Let d(j) = 8*j**3 + 2*j + 2. What is d(-1)?
-8
Let b(y) = -2*y + 2. Determine b(5).
-8
Let n(h) = -h**3 - h - 7. Calculate n(-2).
3
Let d(w) = -w**2 - 9*w - 7. What is d(-9)?
-7
Let l(q) = -q**2 + 4*q - 19. Give l(0).
-19
Let r(y) = -y**2 + 10*y + 12. Give r(11).
1
Let x(m) = m**3 + 9*m**2 + 12*m - 9. Calculate x(-7).
5
Let n(p) = 8*p**3 - p**2 - 2*p - 1. Calculate n(-1).
-8
Let m(u) = -35*u - 389. What is m(-11)?
-4
Let b(f) = -f + 8. What is b(5)?
3
Let p(b) = -2*b - 11. Calculate p(-7).
3
Let b(c) = -32*c + 3. Give b(1).
-29
Let w(d) = -d**3 - 7*d**2 - 6*d - 7. Calculate w(-6).
-7
Let b(m) = -3*m**3 + m**2 + m + 1. Calculate b(-1).
4
Let i(h) = h**2 + h - 22. Calculate i(0).
-22
Let l(n) = -4*n**2 - n + 2. Determine l(2).
-16
Let i(k) = k**3 - 11*k**2 + 16*k + 30. Give i(9).
12
Let w(p) = 4*p + 3. Determine w(-1).
-1
Let f(w) = w**2 + 8*w + 2. What is f(-7)?
-5
Let j(g) = -g**2 + 6*g - 1. Determine j(7).
-8
Let c(f) = f**2 + 7*f. Give c(-8).
8
Let o(c) = -6*c**2 + 7*c - 5. What is o(1)?
-4
Let a(k) = -5*k + 22. Determine a(4).
2
Let h(v) = -2*v**3 + 6*v**2 - 2*v - 5. Give h(4).
-45
Let a(m) = m**3 - 14*m**2 + 5. Determine a(14).
5
Let a(y) = y**3 - 4*y**2 + 3*y - 1. Calculate a(3).
-1
Let u(t) = -3*t + 10. Calculate u(5).
-5
Let a(z) = -z**2 - 9*z - 3. Give a(-5).
17
Let c(d) = d**3 + 4*d**2 - 3*d + 6. What is c(-4)?
18
Let b(f) = -12*f - 7. What is b(2)?
-31
Let n(x) = -4*x**2 - 2*x - 4. Calculate n(-2).
-16
Let o(k) = -k**3 + 18*k**2 + 18*k + 22. Calculate o(19).
3
Let o(q) = -3*q + 5. What is o(8)?
-19
Let h(s) = -s**3 + 8*s**2 - 11*s - 4. Give h(5).
16
Let t(a) = -a**2 + 11*a - 6. Give t(8).
18
Let m(l) = 2*l**2 + 2*l - 10. What is m(-3)?
2
Let i(d) = 6*d + 8. Calculate i(-2).
-4
Let m(o) = o**3 + 12*o**2 + 17*o + 9. Give m(-10).
39
Let m(g) = g**2 - 3*g - 13. Calculate m(-4).
15
Let o(x) = -x**3 - 13*x**2 - 10*x + 26. Calculate o(-12).
2
Let s(t) = -t + 19. Give s(5).
14
Let n(z) = 2*z**3 + 17*z**2 + 4*z - 38. What is n(-8)?
-6
Let j(p) = 6*p**3 - 3*p**2 + 3*p - 1. What is j(1)?
5
Let o(x) = -x**3 - 6*x**2 - 2*x - 5. What is o(-6)?
7
Let u(v) = -3*v**3 + 2*v**2 + 2*v - 2. Determine u(2).
-14
Let o(h) = -12*h**3 - h**2 - 2*h + 2. Determine o(1).
-13
Let y(f) = 4*f**2 - 34*f + 1. Determine y(9).
19
Let s(h) = h**3 + 17*h**2 - 16*h + 32. Determine s(-18).
-4
Let u(j) = -3*j**2 + 19*j - 6. What is u(9)?
-78
Let n(y) = -y**3 - 6*y**2 - 6*y - 7. Calculate n(-4).
-15
Let t(m) = -m**3 + 2*m + 2. Calculate t(2).
-2
Let s(l) = -l**2 + 6*l + 12. Give s(7).
5
Let o(j) = 4*j - 13. Determine o(-10).
-53
Let q(u) = u**3 - 10*u**2 + 12*u - 31. What is q(9)?
-4
Let x(u) = -u**3 - 18*u**2 - 15*u + 40. What is x(-17)?
6
Let r(f) = -f**3 + 6*f**2 - 13*f + 6. Give r(5).
-34
Let z(b) = -3*b**2 + 10*b - 19. What is z(3)?
-16
Let z(g) = -2*g**3 + 3*g**2 + 2*g + 3. Calculate z(3).
-18
Let t(i) = i**3 - 16*i**2 + 20*i - 67. Determine t(15).
8
Let s(f) = -f**3 - 13*f**2 - 2*f + 16. Give s(-13).
42
Let s(c) = c**3 - 2*c**2 - 2*c + 3. Calculate s(2).
-1
Let w(s) = -s**3 - s**2 - s - 2. Determine w(-4).
50
Let n(q) = -4*q**3 + 76*q**2 + q - 29. Calculate n(19).
-10
Let s(u) = 63*u**3 - 2*u**2 - 2*u. What is s(-1)?
-63
Let a(g) = 2*g**2 + 27*g + 17. Give a(-13).
4
Let t(d) = -d**2 + 6*d + 21. Determine t(7).
14
Let u(f) = f**2 - 5*f - 23. Give u(0).
-23
Let u(p) = -p**3 - 4*p**2 + p + 1. Give u(-4).
-3
Let c(o) = -o**3 + 10*o**2 + o + 11. Determine c(10).
21
Let c(u) = -4*u**2 - 20*u - 24. What is c(-4)?
-8
Let f(d) = d**3 + 2*d**2 + 4*d - 5. Calculate f(3).
52
Let m(h) = h**3 + h**2 - 12*h + 25. Determine m(-5).
-15
Let d(o) = -o**3 + 14*o**2 + 18*o. What is d(15)?
45
Let p(o) = 2*o - 3. Calculate p(4).
5
Let j(w) = -13*w - 141. What is j(-11)?
2
Let c(b) = 20*b**2 - b. Determine c(1).
19
Let c(n) = -3*n**2 - 3*n + 1. Determine c(2).
-17
Let z(t) = -t**2 + 15*t - 4. Calculate z(14).
10
Let p(a) = 2*a**2 + 28. Determine p(0).
28
Let p(w) = 2*w**3 + 6*w - 16. Give p(2).
12
Let b(k) = 10*k + 266. What is b(-27)?
-4
Let c(g) = 43*g + 518. Determine c(-12).
2
Let u(a) = 2*a**3 + 11*a**2 - 10*a + 9. Give u(-6).
33
Let b(d) = -d**2 + 37*d + 46. Determine b(38).
8
Let d(n) = -n - 13. Calculate d(-14).
1
Let y(l) = -19*l + 31. Determine y(7).
-102
Let f(s) = -s**3 - 6*s**2 + 6*s - 7. Give f(-6).
-43
Let f(j) = -j**3 - 7*j**2 + j - 1. What is f(-6)?
-43
Let d(c) = -c**3 - 11*c**2 + 3*c + 13. What is d(-11)?
-20
Let b(z) = -5*z - 4. Give b(-6).
26
Let x(v) = 2*v - 14. Give x(7).
0
Let b(n) = -7*n**2 + 6*n + 1. What is b(3)?
-44
Let c(x) = x**2 + 14*x + 4. Calculate c(-14).
4
Let f(x) = -8*x + 25. What is f(4)?
-7
Let t(k) = -k**3 + 12*k**2 + 25*k + 47. Calculate t(14).
5
Let f(p) = -p**3 + 8*p**2 + 13*p - 3. Determine f(9).
33
Let x(m) = 8*m + 238. What is x(-29)?
6
Let z(v) = v**2 - 2*v + 7. Give z(0).
7
Let u(z) = 30*z - 1. What is u(1)?
29
Let f(s) = 3*s - 3. What is f(-12)?
-39
Let v(g) = 2*g**2 - 56*g - 6. Calculate v(28).
-6
Let j(s) = s**3 - 5*s**2 + 7*s - 1. Give j(5).
34
Let s(k) = -k**2 - 11*k + 17. Give s(-9).
35
Let a(x) = x**3 - 12*x**2 + 12*x - 16. Give a(11).
-5
Let n(m) = 5*m**2 + 15*m + 2. Determine n(-1).
-8
Let o(t) = t**3 + 27*t**2 - 122*t + 67. What is o(-31)?
5
Let y(i) = i**3 + 6*i**2 + 6*i. Calculate y(-4).
8
Let d(w) = w**2 + 16*w - 25. Give d(-14).
-53
Let x(p) = 4*p**2 - 13*p - 4. What is x(4)?
8
Let k(w) = -w**3 - w**2 + 12*w + 21. Calculate k(-2).
1
Let h(p) = -p**3 - 30*p**2 - 5*p - 30. Give h(-30).
120
Let n(f) = -f**2 + 2*f - 3. Calculate n(6).
-27
Let f(l) = -79*l - 5. Determine f(0).
-5
Let d(y) = -2*y**2 + 3*y + 6. Determine d(-2).
-8
Let f(l) = l**2 - 15*l + 18. What is f(15)?
18
Let k(o) = -o**2 - 6*o + 4. What is k(-6)?
4
Let b(m) = m**2 - 52*m + 141. Give b(49).
-6
Let v(n) = -2*n + 4. Calculate v(8).
-12
Let i(b) = b**3 + 3*b**2 - 3*b - 2. Calculate i(-3).
7
Let v(a) = -2*a**3 + a**2 + 2*a. Determine v(-2).
16
Let a(f) = -5*f - 3. Give a(-3).
12
Let r(b) = -b - 23. What is r(-10)?
-13
Let c(g) = -6*g - 43. What is c(-7)?
-1
Let h(y) = -9*y + 206. Calculate h(23).
-1
Let a(b) = -b**2 - 15*b + 176. What is a(8)?
-8
Let s(b) = -b**2 + 8*b - 8. Calculate s(8).
-8
Let s(a) = -a**2 + a + 283. Calculate s(-16).
11
Let c(p) = -p**3 + 2*p**2 - p - 6. Calculate c(0).
-6
Let t(w) = 15*w + 48. What is t(-3)?
3
Let x(d) = -2*d + 23. What is x(17)?
-11
Let x(j) = 3*j**3 + 2*j**2 - 2*j + 2. Calculate x(1).
5
Let v(h) = 54*h - 22. What is v(2)?
86
Let z(h) = -5*h + 176. Give z(